et c(w) be the third derivative of -1/6*w**3 + 0*w + 13/24*w**4 + 0 - 52*w**2. Let p be 2/(-4)*(-10)/(-5). Give c(p).
-14
Let m be -3 - (1 - (-63)/7). Let j(q) = 11*q + 136. Let v be j(m). Let f(l) = -l**2 - 4*l. What is f(v)?
-21
Let v be (-2136)/(-18) + 12/9. Suppose v = -2*g + 6*g. Let i = g + -25. Let k(t) = -t + 6. Calculate k(i).
1
Let m be (-5 + 155/10)/((-6)/(-16)). Let g(i) = -30 + 25*i - m*i + 31. Let n = -1 - -2. What is g(n)?
-2
Let r(q) = -q**3 - 6*q**2 + q - 7. Suppose -2*j - 2*j + 8 = 0, -2*j + 28 = -4*d. Give r(d).
-13
Let t(d) = 3*d**3 + 2*d**2 + 2*d. Let j be (-2)/(-4) + 374/(-44) + 7. Determine t(j).
-3
Let d be (-27 + 25)*(-26)/2*3/(-6). Let c(r) = r**3 + 13*r**2 - 6*r - 14. What is c(d)?
64
Let i be 0/(-37)*(9/12)/((-3)/2). Let p be 7/(-14) + 5/2. Let n(c) = -c + 4 - 2*c**3 - c**3 + c**2 - 2*c**p + 4*c**3. Calculate n(i).
4
Let u(c) = c**2 - 19*c + 91. Let o = -5058 + 5068. Calculate u(o).
1
Let i = 340 + -338. Let b(u) = 3*u**3 + u**2 + 8*u - 11. Let x(g) = g**3 + g**2 + 2*g - 4. Let k(q) = i*b(q) - 7*x(q). Calculate k(-5).
-4
Let r = 4 + 64. Let l = -66 + r. Suppose o - 4*k = -9*k + 24, l*o + 4*k - 24 = 0. Let a(u) = 2*u**2 - 5*u - 2. What is a(o)?
10
Let k(i) = 58*i - 10. Let c(w) = -24*w + 4. Let z(h) = -5*c(h) - 2*k(h). Let x = 24 - 26. Calculate z(x).
-8
Let f be 0 + -1 + (-2)/1 + -709. Let k = -717 - f. Let x(q) = -q**3 - 4*q**2 + 2*q - 7. Calculate x(k).
8
Let k(s) = -5*s + 1458 - 695 - 630. Determine k(26).
3
Let q = -2 - -8. Let f(i) = 18 + q*i - 11 - 5*i - i**2. Let h(l) = -l**3 + 21*l**2 + 24*l - 44. Let v be h(22). Determine f(v).
7
Let d(h) = 2*h**2 + 3*h + 512. Let z be d(0). Let w be (-576)/z - (3/(-8))/3. Let n(t) = 13*t**3 + t**2 + 2*t + 1. Determine n(w).
-13
Suppose 3*m + 17 + 5 - 4 = 0, 4*m + 29 = -5*h. Let r(j) = j. Let u be r(2). Let s(n) = -2*n**2 - 10*n**3 + 1 + 0*n**2 + n**u. Determine s(h).
10
Suppose -3*z - 12 = -2*m, 4*z + 16 = m - 2*m. Let i(c) = -c**3 - 2*c**2 + 3*c - 13. Let l be i(z). Let t(a) = -5*a + 1. Calculate t(l).
-34
Let d = 64 - 66. Let b be 60/(-5)*d/(-12)*3. Let s be b/(-15) + 21/(-15). Let p(r) = -2*r**2 - r. Calculate p(s).
-1
Let v(g) = 18 + 33*g**3 + 6 - 2*g - 35*g**3 - 10. Give v(0).
14
Let k = -18 + 61. Let q(z) = -k*z + 6 + 19*z - 4 - 2*z**2 + 22*z. Let m be (-6)/4*28/21. Determine q(m).
-2
Let x = 4564 - 4577. Let q(y) = -2*y**2 - 28*y + 1. What is q(x)?
27
Let l be 4/18 + 102/27. Suppose -13 = -5*m - 3*w, l*w - 8 + 0 = -2*m. Let t(u) = -8*u + 47*u**2 - 46*u**2 + 3 + m. Calculate t(8).
5
Let n = -3 - -5. Let x(f) be the second derivative of -f**5/120 + f**4/24 - 71*f**3/6 - 4*f - 30. Let t(h) be the second derivative of x(h). Determine t(n).
-1
Let a(o) = 143*o + 7. Let u(m) = 290*m + 15. Let d(y) = 13*a(y) - 6*u(y). Calculate d(-1).
-118
Let a(r) be the third derivative of 39*r - 13/120*r**6 + 1/6*r**3 + 0*r**5 + 0 + 2*r**2 + 1/12*r**4. What is a(-1)?
12
Let x(a) be the third derivative of a**6/120 + 7*a**5/60 + a**4/3 + a**3/3 + 793*a**2 - 3*a. Let v be (-27)/12 - 6/8. Let o = v + -3. What is x(o)?
-10
Let y = 779 - 346. Let b = y + -437. Let f(w) = w**3 + 5*w**2 + 5*w + 5. Determine f(b).
1
Let o(j) = 2*j**2 + 9*j - 3. Let w be o(-5). Suppose 0 = -5*i + 2*k + 7 - w, 4*i - 2 = 2*k. Let s(y) = 0*y - 1386*y**2 - 5*y - i + 1387*y**2. Give s(4).
-7
Let n(b) = -b**2 - 6*b. Suppose 0 = 15*y - 13*y - 66. Suppose 3*m + 39 = -4*q - 2*m, 4*q + 3*m = -y. Calculate n(q).
0
Let b(y) = 89*y**2 - 15*y + 11. Let k(r) = 71*r**2 - 15*r + 10. Let i(n) = -4*b(n) + 5*k(n). Give i(-15).
6
Let g be (1/((-5)/45))/(1/2). Let s be (-280)/36 + 2 - (-4)/g. Let c(x) = -x**2 - 3*x + 6. Give c(s).
-12
Let p(i) = -3*i + 11. Suppose g - 5*g = a + 5, 5*a + 2*g = 47. Suppose 3*h - 4*k - 10 = 0, 5*k - 5 = -h + a. Determine p(h).
-7
Let n(q) be the third derivative of q**5/60 + q**4/2 + q**3 - 9*q**2. Let v(d) = -2*d**2 - 198*d - 2800. Let b be v(-82). Determine n(b).
6
Let g(q) = 10*q - 9 - 8 - 13 + 4 - 11. Determine g(4).
3
Let w = -272 + 449. Let p(r) = 0 + 184*r + 0 + 0*r**2 - 2 - r**2 - w*r. What is p(7)?
-2
Suppose -2291 = h - 2287. Let b(m) be the first derivative of -2*m**3/3 + 5*m - 15. Give b(h).
-27
Let c(l) = -l**3 + 1 - l**2 - l**2 + 0*l**2 - 2. Let q be c(-2). Let z(u) = 537*u + 537*u - 1608*u + 538*u. Calculate z(q).
-4
Suppose -100 = 14*g - 128. Let z(a) = 20*a - 8*a + g - a - 8*a. Suppose -8*u - 20 = -4*u. Give z(u).
-13
Suppose -4*k = 4*o + 4, 0*o + 2*k + 2 = 3*o. Let r be ((-4)/6 + o)*60. Let z be (-2)/(-3) + r/24. Let f(a) = -9*a**2 + 1. Give f(z).
-8
Suppose 3*w = w + 38. Suppose -v + 4*d = 51, 4*d - 132 = -111*v + 115*v. Let x = v + w. Let c(f) = -f**2 - 9*f - 10. Determine c(x).
-2
Let y(m) = 6*m**2 - 5*m - 1. Let t(q) = q**2 - q. Let j(h) = -5*t(h) + y(h). Let d = -3362 + 3361. Calculate j(d).
0
Let j(z) = 0 - 2 + 531*z + 3 + 4 - 528*z. Determine j(-7).
-16
Let f(j) be the second derivative of 1/2*j**3 - 3/2*j**2 + 0 - 108*j. What is f(-3)?
-12
Let v(m) = -11*m + 60. Suppose 8*a - 24 = 5*a - 2*i, 2*a - 32 = -4*i. Determine v(a).
16
Suppose 0 = o - 5*k - 5, 3*k + 69 = 3*o + 66. Let u(l) be the third derivative of -1/24*l**4 - l**2 + 2/15*l**5 + o*l + 0*l**3 + 0. Give u(-1).
9
Suppose 3*i - 5*i = 4. Suppose -144 = 9*m - 162. Let f(u) = 89*u**2 - 40*u**2 - u**3 - 50*u**m. Give f(i).
4
Let u(y) be the first derivative of -y**2 - 37 - 1/3*y**3 - 3*y. Calculate u(-5).
-18
Let w(t) = -t**3 - 4*t**2 + 7*t + 3. Let o = -327 + 350. Suppose -11*y = 32 + o. Calculate w(y).
-7
Let v(p) = -p**2 - 26*p - 150. Suppose 2173 - 703 = -105*b. Calculate v(b).
18
Let n be 24/(-5)*70/(-14). Suppose -3*m + n = 5*b - 2*b, -5*m = -5*b - 30. Let f(z) = 2*z + z**2 - 10*z - 8 + 2*z. Give f(m).
-1
Let j(b) = -3*b - 1. Let c be j(-3). Let y(s) = -38512922*s**2 + 3 + 7 + 8*s + 38512913*s**2 + s**3. Calculate y(c).
10
Let o(x) = -6*x**3 + x**2 - 2*x + 1. Let w(j) = 19*j**3 + 4*j**2 - 11*j + 16. Let m(g) = 3*o(g) + w(g). Calculate m(-8).
91
Suppose 0*k = -5*k + 15. Let v(p) = 11*p**2 + 6*p - 2. Let y(h) = 9*h**2 + 5*h - 1. Let l(u) = -4*v(u) + 5*y(u). Calculate l(k).
15
Let g(w) = -3*w**2 + 38*w - 2. Let x(y) = y**2 - 19*y. Let j(h) = -g(h) - 2*x(h). Determine j(-2).
6
Let m be 510/(-50) + (-1)/(-5). Let k(o) = 5 + 0 - 1 - 3910*o + 3912*o. Calculate k(m).
-16
Let g(i) be the second derivative of -17*i**3/6 + 53*i**2/2 - i - 2329. Determine g(3).
2
Suppose 0 = 41*v - 104 - 101. Let p(a) = a**2 - 8*a - 3. Calculate p(v).
-18
Let n(z) = z**3 - 4*z**2 + 4*z + 2. Let s = -179 - -95. Let o = s - -88. What is n(o)?
18
Let i(r) = r**2 - r - 12. Let l be i(-3). Let f = -5 - -10. Suppose 0 = -2*w + 5*z - 15, f*w - 5*z = -l*w. Let p(y) = -y + 12. Calculate p(w).
7
Let c(r) be the third derivative of -r**4/8 - 7*r**3/6 - 9*r**2 - 363. Determine c(4).
-19
Let r(x) be the second derivative of x**3/6 + 2*x. Let u = 45 - 165. Let v = 118 + u. Determine r(v).
-2
Let x(y) = 2*y**3 - 9*y**2 + 6*y + 27. Let g be x(4). Suppose g*f + 8 = 33*f - 4*h, 5*h - 23 = 3*f. Let w(b) = -b**3 - 6*b**2 - 2*b - 2. What is w(f)?
10
Let m(z) = -3*z - 18. Let v(j) = -j**2 - 46*j - 205. Let t be v(-41). Suppose 5*n + 35 = i, t*n + n = 3*i - 21. What is m(n)?
0
Let v(c) = -19 - 148391*c**2 + 148392*c**2 - 5*c - 55. Determine v(12).
10
Suppose 5*y + 0 + 5 = 0, -4*y - 92 = u. Let j = -87 - u. Let s(z) = -29*z**3 + z**2 - z. Give s(j).
-29
Suppose 2*l - 4 = -0*l. Let s(n) = 0*n**l + 1 - n + 0 + 6*n**2. Let j be (-56)/7 + 5 + 4. Determine s(j).
6
Let s(g) = 5*g + 67. Let x be s(-7). Let t(q) = 43 - 83 + 6*q + x + q**2 - 2*q + q. What is t(-7)?
6
Let h(y) be the second derivative of -2*y**3/3 + 19*y**2 + 498*y + 3. What is h(9)?
2
Let f be -2*(-1 + 0) - (-26 + 7). Suppose 14*p - 11*p = f. Let r(o) = 1. Let v(t) = -t + 6. Let b(l) = -2*r(l) + v(l). Calculate b(p).
-3
Let x = -604 + 609. Suppose 6*t = -2*z + t + 1, -5*z - x*t + 25 = 0. Let i(c) = c**2 - 7*c + 1. Give i(z).
9
Let n(s) be the second derivative of -2*s**3/3 - s**2 + 306*s. Determine n(-9).
34
Let x = -307 + 324. Let a(w) = x + 14*w**2 + 21 - 14*w + 7*w**3 - 7*w**3 - 17 + w**3. Calculate a(-15).
6
Let i(r) = 5*r + 43. Let w be i(-10). Let o(s) = s**2 + 8*s - 8. Determine o(w).
-15
Suppose 0 = -5*k - 6*t + 8*t + 12, 2*t + 2 = 0. Let s(i) = -7*i**3 + 3*i**2 - 5*i + 4. Give s(k).
-50
Let s(l) be t